(-2). What is the highest common factor of f and p?
2
Let a = 54 - 38. Let h(k) = k**2 + 7*k. Let v be h(-8). Calculate the greatest common factor of a and v.
8
Let a be (-35)/15 + 2 + (-20)/(-6). What is the greatest common divisor of a and 93?
3
Suppose -2*n - 4*h + 14 = 0, -4*n = -0*n + 3*h - 53. What is the greatest common divisor of 136 and n?
17
Let m = -2098 + 2138. Calculate the highest common divisor of 32 and m.
8
Suppose -6*s = 1 - 253. Calculate the greatest common factor of 336 and s.
42
Suppose o - 422 = -g + 2045, 3 = g. Let n be ((o/12)/4)/((-1)/(-3)). What is the highest common divisor of 14 and n?
14
Let a be (-94)/(-235) - (2 - (-1284)/(-15)). What is the greatest common factor of 42 and a?
42
Let q be -3*(-4)/24*4. Suppose -4*j - q = -0*d + d, d - 5*j = 25. Suppose 0 = -5*h + 12 - 2. What is the highest common factor of h and d?
2
Let z(r) = -8*r - 91. Let d be z(-16). Let x = -4 + 18. Let f be (-370)/(-4)*(-12 + x). Calculate the highest common factor of f and d.
37
Let c be (2/4 + 56/(-48))*-162. What is the highest common divisor of c and 12?
12
Let l(r) = r + 39. Let u be l(6). Calculate the greatest common factor of 10 and u.
5
Let g(h) = 9*h**2 - 3*h. Let w be g(3). Let x = 11 + -16. Let z = 14 + x. Calculate the highest common factor of z and w.
9
Let n(s) be the first derivative of s**4/2 - 3*s**3 + 9*s**2/2 - 2*s - 11. Let q = -2 + 8. Let b be n(q). Calculate the greatest common divisor of b and 20.
20
Let y be (6/9)/((-10)/(-45)). Suppose 0 = -2*m + 3*z, 0 = 2*z - 7 + 3. Calculate the highest common divisor of m and y.
3
Suppose 6*p - 3*p = 6. Let c be -8 + p*(3 + -2). Let o be 3/c + 350/4. What is the greatest common divisor of 58 and o?
29
Let c(n) = 2*n - 2 + 13*n + 3*n - 12*n. Let t = -1 + 3. Let i be c(t). What is the highest common factor of i and 10?
10
Let u = 19 - 36. Let p = u - -59. Let z = 8 - -6. Calculate the greatest common divisor of p and z.
14
Let q(o) = -3 + 3*o - o**2 + 0*o**2 - 10*o. Let s be q(-10). Let a be (-7 - (-1 - -2))*s. Calculate the greatest common divisor of a and 24.
24
Let z be 2/9 + (-75)/(-27). Suppose 0 = z*n - 7*n + 8. Let i = n - 0. What is the greatest common factor of 2 and i?
2
Let d be 4144/185*15/6. Let m be (2 + -3 - -22)*2. What is the greatest common divisor of m and d?
14
Suppose 1191 = 12*t - 753. Calculate the greatest common factor of 18 and t.
18
Suppose k + 1 = -2. Let c be 49/21*k/(-1). Let x(z) = z**2 - z + 1. Let u be x(-2). What is the highest common factor of u and c?
7
Suppose 0 = 12*x - 30*x + 54. Suppose 0*z = -z + 21. What is the greatest common divisor of z and x?
3
Let u(p) = -34*p**3 - 2*p**2 + 1. Let i be u(1). Let k = -25 - i. Calculate the highest common divisor of 110 and k.
10
Suppose 0 = v - 2*v + 2*y - 22, 4*v - 3*y + 63 = 0. Let k(h) = h**2 + 11*h - 2. Let p be k(v). Calculate the highest common factor of 20 and p.
10
Let l(c) = c**3 + 2*c**2 - 10*c + 16. Let d be l(4). Calculate the highest common divisor of 396 and d.
36
Suppose 10*k - 4*k - 36 = 0. Calculate the highest common divisor of k and 78.
6
Let k = 27 + -21. Suppose -3*f + k = -0*f. Let h(u) = 2*u**2 - 1. Let p be h(f). What is the highest common factor of 28 and p?
7
Suppose 32*l = -49*l + 1458. What is the highest common divisor of l and 10?
2
Let m = 125 - 116. Calculate the greatest common factor of 207 and m.
9
Let p = -178 - -89. Let c = 11 - p. What is the highest common factor of c and 20?
20
Let d = -23 + 69. Let g be 3 - 582/(-30) - 6/(-10). What is the greatest common factor of g and d?
23
Suppose -w + 42 = 4*z, -z = -4*z - 2*w + 29. Calculate the highest common factor of z and 55.
11
Suppose 30 = -7*b + b. Let m be ((-64)/b - 2)/((-9)/(-30)). Calculate the highest common factor of m and 24.
12
Suppose 4*m - m + r - 850 = 0, 5*m + 6*r - 1395 = 0. What is the greatest common factor of 15 and m?
15
Suppose -17*f + 415 = -61. Let o be 8/2*36/2. Let z = o + -30. Calculate the greatest common factor of f and z.
14
Suppose -24*u - 4*n = -20*u - 468, 4 = -n. Let m = -63 + 133. Suppose m = 5*v + 15. What is the greatest common divisor of v and u?
11
Let k = 17 + -7. Suppose -4 = -m - 5*n + 5, 2*m - k = -2*n. Suppose b - 40 = -2*u, -3*u - 95 = -m*b + 2*u. Calculate the greatest common factor of 15 and b.
15
Let w be (11 + 80)*4/14*1. What is the greatest common divisor of 234 and w?
26
Let h = 68 - -60. What is the greatest common factor of 176 and h?
16
Let a be 3/(-12) + 1/4. Let o = 2 - a. Suppose -2*w = -40 + o. What is the highest common factor of w and 152?
19
Suppose 6*m + 2*m + 1576 = 0. Let r = m - -284. What is the greatest common factor of r and 58?
29
Let c be 6 + (3/(-3) - -46). Let s be 272/12*(-6)/(-4). What is the highest common factor of s and c?
17
Let l(i) = -8*i + 24. Let y be l(-6). Suppose 5*t = t + 32. Calculate the greatest common factor of y and t.
8
Suppose 5*q - 40 = 25. Let p be (q + -12)/(2/32). Suppose 0 = 5*g - 5*i, 6*g - 2*g - 4 = 2*i. Calculate the greatest common divisor of p and g.
2
Let h(f) = 116*f. Let z be h(2). Let g be ((-29)/2)/((-1)/2). What is the greatest common divisor of z and g?
29
Let o = 757 - 570. Let r = -21 + 38. Calculate the highest common factor of o and r.
17
Suppose -5*q + 2797 = -8*o + 10*o, -5*o = -5. Calculate the greatest common divisor of q and 13.
13
Let t = 55 - 13. Suppose -2*n + 10 = 6. Suppose -26 = -4*h - n. What is the highest common factor of t and h?
6
Suppose -21*k + 178 = -20*k + 2*z, -z + 705 = 4*k. Let x = 68 - 46. Calculate the highest common divisor of x and k.
22
Suppose 3*u - 29 = -26. Let s be (2/(-3) + u)/((-19)/(-456)). What is the highest common factor of 128 and s?
8
Let o = 11 - 61. Let i be o/(-3)*(3 - 0). Let a be (-2)/(-5) - (-48)/5. What is the greatest common divisor of i and a?
10
Suppose -3 - 5 = -4*g. Let x be g/(-6)*1*0. Suppose -55 = -4*a - 0*a - 5*n, 2*a - 3*n - 11 = x. What is the highest common divisor of 100 and a?
10
Let m(y) = -y + 7. Let o be m(5). Suppose 7*s - o*s - 350 = 0. What is the greatest common divisor of s and 35?
35
Let r = 13 - 7. Calculate the greatest common factor of r and 39.
3
Let f = -22 - -97. Let y(t) = 7*t**3. Let d be y(1). Let a(b) = b**3 - 5*b**2 - 11*b + 9. Let q be a(d). Calculate the highest common divisor of f and q.
15
Let f = 792 - 564. Suppose 2*g - 366 = -5*u, -3*u + 0*u + f = 4*g. What is the greatest common divisor of 24 and u?
24
Let j(l) be the third derivative of 3*l**4/8 + 5*l**3/2 + 21*l**2. Let f be j(11). What is the highest common divisor of 38 and f?
38
Suppose 3*q - 3*d = 5771 + 1933, -4*q + 10288 = 4*d. Calculate the greatest common divisor of 10 and q.
10
Suppose -7*g + 13349 = 12467. Let h(u) = 6*u - 4. Let q be h(3). What is the highest common factor of g and q?
14
Let l(t) = -4*t**2 + 64*t - 8. Let v be l(15). What is the highest common factor of 65 and v?
13
Suppose 0 = -n - 2*u - 28 + 83, -25 = -5*u. Calculate the greatest common factor of n and 330.
15
Suppose 0 = -2*u + 105 + 39. Let l be 3*3 - (-2 + 4 + -1). Calculate the greatest common divisor of l and u.
8
Let u = -67 - -163. Suppose 57 = 3*h - 4*k, -5*h - k - k = -95. Let z = 31 - h. What is the greatest common factor of u and z?
12
Let g = -126 + 52. Let z = 45 + -85. Let q = z - g. Calculate the greatest common divisor of q and 17.
17
Let n = -95 + 99. Calculate the greatest common factor of n and 12.
4
Let r(a) = -a**3 - 2 - 9*a + 5*a**2 - 1 + 4*a**2. Suppose -20 = 5*b, b + 2*b + 47 = 5*z. Let i be r(z). Calculate the highest common divisor of i and 4.
4
Let g(b) = -64*b - 94. Let n be g(-8). Calculate the highest common factor of 190 and n.
38
Suppose -27 = -2*s - 3*y, -3*s + 0*y + 33 = 3*y. Suppose 5*g + 2 = -8*x + 4*x, 4*g = -8. Let c = s + x. Calculate the greatest common divisor of c and 32.
8
Suppose -6*r + 37 + 41 = 0. Let z be (-2)/(-3) + (27872/24)/r. What is the highest common divisor of 36 and z?
18
Suppose -c = h - 2*c - 1, 3*c + 4 = 2*h. Let k be ((-1)/(-2))/((-1)/(-4)). Let l be h + 2 + 69 + k. Calculate the highest common divisor of l and 18.
18
Suppose 11 = 3*i + 17. Let c be i/(-5) + 364/65. Calculate the highest common factor of 9 and c.
3
Suppose -140*m = -87865 + 15065. Calculate the highest common divisor of m and 40.
40
Let j be (-43)/6 + (